[INFO] updating cached repository https://github.com/GuitarMusashi616/RogueLikeRust
[INFO] running `Command { std: "git" "-c" "credential.helper=" "-c" "credential.helper=/workspace/cargo-home/bin/git-credential-null" "-c" "remote.origin.fetch=refs/heads/*:refs/heads/*" "fetch" "origin" "--force" "--prune", kill_on_drop: false }`
[INFO] running `Command { std: "git" "rev-parse" "HEAD", kill_on_drop: false }`
[INFO] [stdout] fdf4e505aec28f1cb84017f25a7b90f4f63b5ee0
[INFO] checking GuitarMusashi616/RogueLikeRust against master#9610dfe5a9a731ced1ea4923ecbd0c57fe367898 for beta-170-4
[INFO] running `Command { std: "git" "clone" "/workspace/cache/git-repos/https%3A%2F%2Fgithub.com%2FGuitarMusashi616%2FRogueLikeRust" "/workspace/builds/worker-2-tc1/source", kill_on_drop: false }`
[INFO] [stderr] Cloning into '/workspace/builds/worker-2-tc1/source'...
[INFO] [stderr] done.
[INFO] validating manifest of git repo https://github.com/GuitarMusashi616/RogueLikeRust on toolchain 9610dfe5a9a731ced1ea4923ecbd0c57fe367898
[INFO] running `Command { std: CARGO_HOME="/workspace/cargo-home" RUSTUP_HOME="/workspace/rustup-home" "/workspace/cargo-home/bin/cargo" "+9610dfe5a9a731ced1ea4923ecbd0c57fe367898" "metadata" "--manifest-path" "Cargo.toml" "--no-deps", kill_on_drop: false }`
[INFO] started tweaking git repo https://github.com/GuitarMusashi616/RogueLikeRust
[INFO] finished tweaking git repo https://github.com/GuitarMusashi616/RogueLikeRust
[INFO] tweaked toml for git repo https://github.com/GuitarMusashi616/RogueLikeRust written to /workspace/builds/worker-2-tc1/source/Cargo.toml
[INFO] crate git repo https://github.com/GuitarMusashi616/RogueLikeRust already has a lockfile, it will not be regenerated
[INFO] running `Command { std: CARGO_HOME="/workspace/cargo-home" RUSTUP_HOME="/workspace/rustup-home" "/workspace/cargo-home/bin/cargo" "+9610dfe5a9a731ced1ea4923ecbd0c57fe367898" "fetch" "--manifest-path" "Cargo.toml", kill_on_drop: false }`
[INFO] running `Command { std: "docker" "create" "-v" "/var/lib/crater-agent-workspace/builds/worker-2-tc1/target:/opt/rustwide/target:rw,Z" "-v" "/var/lib/crater-agent-workspace/builds/worker-2-tc1/source:/opt/rustwide/workdir:ro,Z" "-v" "/var/lib/crater-agent-workspace/cargo-home:/opt/rustwide/cargo-home:ro,Z" "-v" "/var/lib/crater-agent-workspace/rustup-home:/opt/rustwide/rustup-home:ro,Z" "-e" "SOURCE_DIR=/opt/rustwide/workdir" "-e" "CARGO_TARGET_DIR=/opt/rustwide/target" "-e" "CARGO_HOME=/opt/rustwide/cargo-home" "-e" "RUSTUP_HOME=/opt/rustwide/rustup-home" "-w" "/opt/rustwide/workdir" "-m" "1610612736" "--user" "0:0" "--network" "none" "ghcr.io/rust-lang/crates-build-env/linux@sha256:19e73879b68f455e41552ea35293514db52ea292d993f571636dbffedb77a1ee" "/opt/rustwide/cargo-home/bin/cargo" "+9610dfe5a9a731ced1ea4923ecbd0c57fe367898" "metadata" "--no-deps" "--format-version=1", kill_on_drop: false }`
[INFO] [stdout] d9dc6a3f66a1a6b63b620a4a91669c1e5d9642295f524d917a9b336217d1dce2
[INFO] running `Command { std: "docker" "start" "-a" "d9dc6a3f66a1a6b63b620a4a91669c1e5d9642295f524d917a9b336217d1dce2", kill_on_drop: false }`
[INFO] running `Command { std: "docker" "inspect" "d9dc6a3f66a1a6b63b620a4a91669c1e5d9642295f524d917a9b336217d1dce2", kill_on_drop: false }`
[INFO] running `Command { std: "docker" "rm" "-f" "d9dc6a3f66a1a6b63b620a4a91669c1e5d9642295f524d917a9b336217d1dce2", kill_on_drop: false }`
[INFO] [stdout] d9dc6a3f66a1a6b63b620a4a91669c1e5d9642295f524d917a9b336217d1dce2
[INFO] running `Command { std: "docker" "create" "-v" "/var/lib/crater-agent-workspace/builds/worker-2-tc1/target:/opt/rustwide/target:rw,Z" "-v" "/var/lib/crater-agent-workspace/builds/worker-2-tc1/source:/opt/rustwide/workdir:ro,Z" "-v" "/var/lib/crater-agent-workspace/cargo-home:/opt/rustwide/cargo-home:ro,Z" "-v" "/var/lib/crater-agent-workspace/rustup-home:/opt/rustwide/rustup-home:ro,Z" "-e" "SOURCE_DIR=/opt/rustwide/workdir" "-e" "CARGO_TARGET_DIR=/opt/rustwide/target" "-e" "CARGO_INCREMENTAL=0" "-e" "RUST_BACKTRACE=full" "-e" "RUSTFLAGS=--cap-lints=forbid" "-e" "RUSTDOCFLAGS=--cap-lints=forbid" "-e" "CARGO_HOME=/opt/rustwide/cargo-home" "-e" "RUSTUP_HOME=/opt/rustwide/rustup-home" "-w" "/opt/rustwide/workdir" "-m" "1610612736" "--user" "0:0" "--network" "none" "ghcr.io/rust-lang/crates-build-env/linux@sha256:19e73879b68f455e41552ea35293514db52ea292d993f571636dbffedb77a1ee" "/opt/rustwide/cargo-home/bin/cargo" "+9610dfe5a9a731ced1ea4923ecbd0c57fe367898" "check" "--frozen" "--all" "--all-targets" "--message-format=json", kill_on_drop: false }`
[INFO] [stdout] 4d46367cc047333199ab001574c93351e839fc1b1416452ce04f552a3f40c106
[INFO] running `Command { std: "docker" "start" "-a" "4d46367cc047333199ab001574c93351e839fc1b1416452ce04f552a3f40c106", kill_on_drop: false }`
[INFO] [stderr]    Compiling xml-rs v0.8.4
[INFO] [stderr]    Compiling memchr v2.4.1
[INFO] [stderr]     Checking smallvec v1.8.0
[INFO] [stderr]    Compiling wayland-sys v0.28.6
[INFO] [stderr]    Compiling khronos_api v3.1.0
[INFO] [stderr]     Checking dlib v0.5.0
[INFO] [stderr]     Checking nix v0.20.0
[INFO] [stderr]    Compiling log v0.4.14
[INFO] [stderr]    Compiling crossbeam-utils v0.8.7
[INFO] [stderr]    Compiling nom v7.1.0
[INFO] [stderr]     Checking bytemuck v1.8.0
[INFO] [stderr]     Checking scoped-tls v1.0.0
[INFO] [stderr]     Checking dirs-sys v0.3.6
[INFO] [stderr]     Checking instant v0.1.12
[INFO] [stderr]    Compiling nix v0.18.0
[INFO] [stderr]    Compiling wayland-scanner v0.28.6
[INFO] [stderr]    Compiling gl_generator v0.14.0
[INFO] [stderr]     Checking minimal-lexical v0.2.1
[INFO] [stderr]     Checking ttf-parser v0.6.2
[INFO] [stderr]     Checking dirs v4.0.0
[INFO] [stderr]     Checking parking_lot_core v0.8.5
[INFO] [stderr]     Checking safe_arch v0.5.2
[INFO] [stderr]    Compiling crossbeam-epoch v0.9.7
[INFO] [stderr]     Checking parking_lot v0.11.2
[INFO] [stderr]     Checking wide v0.6.5
[INFO] [stderr]     Checking xdg v2.4.1
[INFO] [stderr]     Checking net2 v0.2.37
[INFO] [stderr]     Checking iovec v0.1.4
[INFO] [stderr]     Checking libloading v0.6.7
[INFO] [stderr]     Checking owned_ttf_parser v0.6.0
[INFO] [stderr]    Compiling rayon-core v1.9.1
[INFO] [stderr]     Checking rusttype v0.9.2
[INFO] [stderr]     Checking mio v0.6.23
[INFO] [stderr]     Checking dlib v0.4.2
[INFO] [stderr]     Checking andrew v0.3.1
[INFO] [stderr]    Compiling glutin_glx_sys v0.1.7
[INFO] [stderr]    Compiling wayland-client v0.28.6
[INFO] [stderr]    Compiling wayland-protocols v0.28.6
[INFO] [stderr]     Checking xcursor v0.3.4
[INFO] [stderr]    Compiling glutin_egl_sys v0.1.5
[INFO] [stderr]     Checking ultraviolet v0.8.1
[INFO] [stderr]     Checking memmap2 v0.1.0
[INFO] [stderr]    Compiling miniz_oxide v0.4.4
[INFO] [stderr]     Checking wayland-commons v0.28.6
[INFO] [stderr]     Checking lazycell v1.3.0
[INFO] [stderr]     Checking mio-extras v2.0.6
[INFO] [stderr]     Checking crossbeam-deque v0.8.1
[INFO] [stderr]     Checking raw-window-handle v0.3.4
[INFO] [stderr]     Checking crossbeam-channel v0.5.2
[INFO] [stderr]     Checking aho-corasick v0.7.18
[INFO] [stderr]     Checking shared_library v0.1.9
[INFO] [stderr]     Checking bracket-geometry v0.8.3
[INFO] [stderr]    Compiling ahash v0.7.6
[INFO] [stderr]    Compiling rayon v1.5.1
[INFO] [stderr]    Compiling nom v5.1.2
[INFO] [stderr]     Checking regex v1.5.4
[INFO] [stderr]     Checking calloop v0.6.5
[INFO] [stderr]     Checking osmesa-sys v0.1.2
[INFO] [stderr]     Checking wayland-cursor v0.28.6
[INFO] [stderr]     Checking wayland-egl v0.28.6
[INFO] [stderr]     Checking rand_xorshift v0.3.0
[INFO] [stderr]     Checking jpeg-decoder v0.1.22
[INFO] [stderr]     Checking flate2 v1.0.22
[INFO] [stderr]     Checking bracket-algorithm-traits v0.8.2
[INFO] [stderr]     Checking bracket-color v0.8.2
[INFO] [stderr]     Checking object-pool v0.5.4
[INFO] [stderr]     Checking glow v0.10.0
[INFO] [stderr]     Checking image v0.23.14
[INFO] [stderr]    Compiling syn v1.0.86
[INFO] [stderr]     Checking bracket-random v0.8.2
[INFO] [stderr]    Compiling crossbeam-queue v0.3.4
[INFO] [stderr]     Checking bracket-noise v0.8.2
[INFO] [stderr]     Checking hashbrown v0.11.2
[INFO] [stderr]     Checking bracket-pathfinding v0.8.4
[INFO] [stderr]     Checking mopa v0.2.2
[INFO] [stderr]     Checking arrayvec v0.5.2
[INFO] [stderr]     Checking atom v0.3.6
[INFO] [stderr]     Checking shrev v1.1.1
[INFO] [stderr]     Checking tuple_utils v0.3.0
[INFO] [stderr]     Checking tynm v0.1.6
[INFO] [stderr]     Checking hibitset v0.6.3
[INFO] [stderr]     Checking shred v0.12.0
[INFO] [stderr]     Checking specs v0.17.0
[INFO] [stderr]    Compiling specs-derive v0.4.1
[INFO] [stderr]     Checking smithay-client-toolkit v0.12.3
[INFO] [stderr]     Checking winit v0.24.0
[INFO] [stderr]     Checking glutin v0.26.0
[INFO] [stderr]     Checking bracket-terminal v0.8.5
[INFO] [stderr]     Checking bracket-lib v0.8.1
[INFO] [stderr]     Checking rltk v0.8.1
[INFO] [stderr]     Checking ecs v0.1.0 (/opt/rustwide/workdir)
[INFO] [stdout] error[E0433]: failed to resolve: use of undeclared type `RandomNumberGenerator`
[INFO] [stdout]   --> src/map.rs:86:19
[INFO] [stdout]    |
[INFO] [stdout] 86 |     let mut rng = RandomNumberGenerator::new();
[INFO] [stdout]    |                   ^^^^^^^^^^^^^^^^^^^^^ use of undeclared type `RandomNumberGenerator`
[INFO] [stdout]    |
[INFO] [stdout] help: consider importing this struct
[INFO] [stdout]    |
[INFO] [stdout] 1  + use rltk::RandomNumberGenerator;
[INFO] [stdout]    |
[INFO] [stdout] 
[INFO] [stdout] 
[INFO] [stdout] error[E0425]: cannot find value `room1` in this scope
[INFO] [stdout]   --> src/map.rs:94:24
[INFO] [stdout]    |
[INFO] [stdout] 94 |     apply_room_to_map(&room1, &mut map);
[INFO] [stdout]    |                        ^^^^^ help: a local variable with a similar name exists: `rooms`
[INFO] [stdout] 
[INFO] [stdout] 
[INFO] [stdout] error[E0425]: cannot find value `room2` in this scope
[INFO] [stdout]   --> src/map.rs:95:24
[INFO] [stdout]    |
[INFO] [stdout] 95 |     apply_room_to_map(&room2, &mut map);
[INFO] [stdout]    |                        ^^^^^ help: a local variable with a similar name exists: `rooms`
[INFO] [stdout] 
[INFO] [stdout] 
[INFO] [stdout] warning: unused import: `new_map_test`
[INFO] [stdout]   --> src/main.rs:11:11
[INFO] [stdout]    |
[INFO] [stdout] 11 | use map::{new_map_test, new_map_rooms_and_corridors, TileType, xy_idx, draw_map};
[INFO] [stdout]    |           ^^^^^^^^^^^^
[INFO] [stdout]    |
[INFO] [stdout]    = note: `#[warn(unused_imports)]` on by default
[INFO] [stdout] 
[INFO] [stdout] 
[INFO] [stdout] error[E0433]: failed to resolve: use of undeclared type `RandomNumberGenerator`
[INFO] [stdout]   --> src/map.rs:86:19
[INFO] [stdout]    |
[INFO] [stdout] 86 |     let mut rng = RandomNumberGenerator::new();
[INFO] [stdout]    |                   ^^^^^^^^^^^^^^^^^^^^^ use of undeclared type `RandomNumberGenerator`
[INFO] [stdout]    |
[INFO] [stdout] help: consider importing this struct
[INFO] [stdout]    |
[INFO] [stdout] 1  + use rltk::RandomNumberGenerator;
[INFO] [stdout]    |
[INFO] [stdout] 
[INFO] [stdout] 
[INFO] [stdout] error[E0425]: cannot find value `room1` in this scope
[INFO] [stdout]   --> src/map.rs:94:24
[INFO] [stdout]    |
[INFO] [stdout] 94 |     apply_room_to_map(&room1, &mut map);
[INFO] [stdout]    |                        ^^^^^ help: a local variable with a similar name exists: `rooms`
[INFO] [stdout] 
[INFO] [stdout] 
[INFO] [stdout] error[E0425]: cannot find value `room2` in this scope
[INFO] [stdout]   --> src/map.rs:95:24
[INFO] [stdout]    |
[INFO] [stdout] 95 |     apply_room_to_map(&room2, &mut map);
[INFO] [stdout]    |                        ^^^^^ help: a local variable with a similar name exists: `rooms`
[INFO] [stdout] 
[INFO] [stdout] 
[INFO] [stdout] warning: unused import: `new_map_test`
[INFO] [stdout]   --> src/main.rs:11:11
[INFO] [stdout]    |
[INFO] [stdout] 11 | use map::{new_map_test, new_map_rooms_and_corridors, TileType, xy_idx, draw_map};
[INFO] [stdout]    |           ^^^^^^^^^^^^
[INFO] [stdout]    |
[INFO] [stdout]    = note: `#[warn(unused_imports)]` on by default
[INFO] [stdout] 
[INFO] [stdout] 
[INFO] [stdout] error: aborting due to 3 previous errors; 1 warning emitted
[INFO] [stdout] 
[INFO] [stdout] 
[INFO] [stdout] Some errors have detailed explanations: E0425, E0433.
[INFO] [stdout] 
[INFO] [stdout] error: aborting due to 3 previous errors; 1 warning emitted
[INFO] [stdout] 
[INFO] [stdout] 
[INFO] [stdout] For more information about an error, try `rustc --explain E0425`.
[INFO] [stdout] 
[INFO] [stdout] Some errors have detailed explanations: E0425, E0433.
[INFO] [stdout] 
[INFO] [stdout] For more information about an error, try `rustc --explain E0425`.
[INFO] [stdout] 
[INFO] [stderr] error: could not compile `ecs` (bin "ecs" test) due to 4 previous errors; 1 warning emitted
[INFO] [stderr] warning: build failed, waiting for other jobs to finish...
[INFO] [stderr] error: could not compile `ecs` (bin "ecs") due to 4 previous errors; 1 warning emitted
[INFO] running `Command { std: "docker" "inspect" "4d46367cc047333199ab001574c93351e839fc1b1416452ce04f552a3f40c106", kill_on_drop: false }`
[INFO] running `Command { std: "docker" "rm" "-f" "4d46367cc047333199ab001574c93351e839fc1b1416452ce04f552a3f40c106", kill_on_drop: false }`
[INFO] [stdout] 4d46367cc047333199ab001574c93351e839fc1b1416452ce04f552a3f40c106
